s digit of 38153?
3
What is the tens digit of 55030?
3
What is the ten thousands digit of 1032344?
3
What is the ten thousands digit of 233030?
3
What is the thousands digit of 20250363?
0
What is the tens digit of 148364?
6
What is the tens digit of 922411?
1
What is the millions digit of 26638004?
6
What is the thousands digit of 12707116?
7
What is the hundreds digit of 2703717?
7
What is the hundred thousands digit of 7311683?
3
What is the thousands digit of 13692132?
2
What is the hundreds digit of 9337918?
9
What is the units digit of 6350507?
7
What is the hundreds digit of 322072?
0
What is the hundred thousands digit of 584014?
5
What is the hundred thousands digit of 185885?
1
What is the hundreds digit of 309398?
3
What is the hundred thousands digit of 16119446?
1
What is the hundreds digit of 54852?
8
What is the thousands digit of 2107791?
7
What is the millions digit of 2021076?
2
What is the tens digit of 3107704?
0
What is the thousands digit of 23384?
3
What is the hundreds digit of 10153290?
2
What is the millions digit of 5740780?
5
What is the tens digit of 44198?
9
What is the units digit of 29747?
7
What is the hundred thousands digit of 3335417?
3
What is the tens digit of 2143756?
5
What is the ten thousands digit of 3312000?
1
What is the ten thousands digit of 3354650?
5
What is the hundreds digit of 974124?
1
What is the units digit of 579513?
3
What is the millions digit of 1648935?
1
What is the hundred thousands digit of 121675?
1
What is the ten thousands digit of 172903?
7
What is the thousands digit of 11625290?
5
What is the tens digit of 416330?
3
What is the hundreds digit of 1774837?
8
What is the hundred thousands digit of 863169?
8
What is the ten thousands digit of 445559?
4
What is the hundred thousands digit of 103781?
1
What is the tens digit of 1912191?
9
What is the units digit of 197538?
8
What is the tens digit of 6432072?
7
What is the thousands digit of 265487?
5
What is the hundred thousands digit of 1232294?
2
What is the tens digit of 4311691?
9
What is the tens digit of 2284850?
5
What is the thousands digit of 3020743?
0
What is the hundreds digit of 1345110?
1
What is the ten thousands digit of 8260206?
6
What is the hundred thousands digit of 531331?
5
What is the ten thousands digit of 852266?
5
What is the millions digit of 6764956?
6
What is the units digit of 208606?
6
What is the hundreds digit of 495897?
8
What is the tens digit of 4077385?
8
What is the units digit of 136936?
6
What is the ten thousands digit of 29056628?
5
What is the units digit of 205318?
8
What is the units digit of 19084933?
3
What is the millions digit of 2086175?
2
What is the ten thousands digit of 13505870?
0
What is the ten thousands digit of 15579521?
7
What is the thousands digit of 26807?
6
What is the ten thousands digit of 632805?
3
What is the units digit of 2245672?
2
What is the units digit of 1998473?
3
What is the units digit of 371630?
0
What is the hundred thousands digit of 37341718?
3
What is the hundreds digit of 8579133?
1
What is the hundreds digit of 389275?
2
What is the ten thousands digit of 548545?
4
What is the units digit of 3548?
8
What is the ten thousands digit of 104248?
0
What is the thousands digit of 558976?
8
What is the hundred thousands digit of 143399?
1
What is the thousands digit of 5581945?
1
What is the tens digit of 5092667?
6
What is the hundred thousands digit of 819826?
8
What is the hundred thousands digit of 1228256?
2
What is the tens digit of 1225?
2
What is the hundred thousands digit of 989282?
9
What is the units digit of 211?
1
What is the tens digit of 3419757?
5
What is the thousands digit of 2178162?
8
What is the tens digit of 443285?
8
What is the tens digit of 589880?
8
What is the ten thousands digit of 10492?
1
What is the units digit of 4714355?
5
What is the units digit of 110236?
6
What is the ten thousands digit of 596533?
9
What is the thousands digit of 251437?
1
What is the hundred thousands digit of 312403?
3
What is the tens digit of 6610509?
0
What is the tens digit of 779207?
0
What is the ten thousands digit of 2104037?
0
What is the hundred thousands digit of 1062684?
0
What is the millions digit of 34325853?
4
What is the units digit of 129520?
0
What is the ten thousands digit of 313225?
1
What is the ten millions digit of 15699377?
1
What is the units digit of 6831495?
5
What is the hundred thousands digit of 738759?
7
What is the ten thousands digit of 1332060?
3
What is the hundreds digit of 542897?
8
What is the hundred thousands digit of 1107225?
1
What is the thousands digit of 1147690?
7
What is the hundreds digit of 12864289?
2
What is the hundred thousands digit of 1220355?
2
What is the millions digit of 1384778?
1
What is the hundred thousands digit of 5554363?
5
What is the hundred thousands digit of 187983?
1
What is the units digit of 1449702?
2
What is the tens digit of 18155492?
9
What is the hundred thousands digit of 999288?
9
What is the tens digit of 228824?
2
What is the units digit of 38106167?
7
What is the tens digit of 2284256?
5
What is the millions digit of 4389763?
4
What is the hundred thousands digit of 154422?
1
What is the ten thousands digit of 19103436?
0
What is the units digit of 2142666?
6
What is the hundreds digit of 1002784?
7
What is the hundred thousands digit of 2746964?
7
What is the thousands digit of 653427?
3
What is the thousands digit of 168570?
8
What is the hundred thousands digit of 12110884?
1
What is the tens digit of 395684?
8
What is the hundreds digit of 1063336?
3
What is the hundred thousands digit of 339669?
3
What is the hundreds digit of 272303?
3
What is the hundred thousands digit of 7192696?
1
What is the hundred thousands digit of 20002271?
0
What is the units digit of 942416?
6
What is the thousands digit of 8460349?
0
What is the tens digit of 556227?
2
What is the ten thousands digit of 16897?
1
What is the tens digit of 1543501?
0
What is the tens digit of 33020249?
4
What is the thousands digit of 334029?
4
What is the tens digit of 2398231?
3
What is the millions digit of 4348438?
4
What is the hundreds digit of 228430?
4
What is the units digit of 298973?
3
What is the tens digit of 404160?
6
What is the ten thousands digit of 1441163?
4
What is the thousands digit of 659925?
9
What is the units digit of 279363?
3
What is the tens digit of 92526?
2
What is the hundreds digit of 2703562?
5
What is the hundreds digit of 389834?
8
What is the hundred thousands digit of 22988981?
9
What is the hundreds digit of 110841?
8
What is the hundreds digit of 5005518?
5
What is the hundred thousands digit of 352135?
3
What is the hundreds digit of 7593646?
6
What is the units digit of 6811021?
1
What is the ten thousands digit of 5178533?
7
What is the ten thousands digit of 265251?
6
What is the thousands digit of 812544?
2
What is the tens digit of 357702?
0
What is the thousands digit of 2712892?
2
What is the thousands digit of 155338?
5
What is the units digit of 6323650?
0
What is the thousands digit of 35058?
5
What is the hundred thousands digit of 209510?
2
What is the hundreds digit of 1016121?
1
What is the millions digit of 18295417?
8
What is the thousands digit of 100016?
0
What is the thousands digit of 6988890?
8
What is the tens digit of 2530382?
8
What is the tens digit of 96672?
7
What is the hundred thousands digit of 853289?
8
What is the thousands digit of 10232314?
2
What is the tens digit of 678546?
4
What is the thousands digit of 2430493?
0
What is the tens digit of 298079?
7
What is the hundreds digit of 753308?
3
What is the hundreds digit of 155973?
9
What is the hundreds digit of 4476603?
6
What is the millions digit of 3203183?
3
What is the thousands digit of 3709043?
9
What is the ten thousands digit of 2312105?
1
What is the hundred thousands digit of 3546737?
5
What is the ten thousands digit of 36233?
3
What is the ten thousands digit of 612253?
1
What is the hundred thousands digit of 2354850?
3
What is the thousands digit of 92038?
2
What is the tens digit of 443906?
0
What is the hundreds digit of 74129?
1
What is the tens digit of 134218?
1
What is the hundreds digit of 334025?
0
What is the ten thousands digit of 1811256?
1
Wh